 54 + u. Calculate the greatest common divisor of 45 and i.
15
Suppose 2 = -3*t + 8. Let s = 8 - t. Calculate the highest common divisor of 4 and s.
2
Let f(u) = 4*u - u + u**3 - 6*u + 7*u**2 + 1. Let i be f(-7). What is the highest common divisor of 242 and i?
22
Let z be 1*(-140)/(-44) + (-2)/11. Suppose -264 = -3*m - z*g, -8*m + 13*m - 2*g - 461 = 0. Let b = 24 - 11. What is the highest common divisor of b and m?
13
Suppose 0 = -0*m - 3*m + 12, y - m = 25. Let d be (0 - (-7 + 3)) + 54. Calculate the greatest common divisor of y and d.
29
Suppose 4*j - 9*j + 5*l + 265 = 0, 269 = 5*j - l. Calculate the highest common divisor of 12 and j.
6
Let o be (9/4)/((-8)/(-32)). Let l be (-3)/(((-1)/o)/((-14)/(-42))). Suppose 71 = 5*y - 154. What is the highest common divisor of l and y?
9
Suppose -2*h + 209 = -5*u, -3*h + u + 208 = -99. Let g = h + -70. Suppose k = -4*k + 240. Calculate the highest common factor of g and k.
16
Let l(a) = 10*a**2 - 16*a - 274. Let r be l(-9). What is the greatest common divisor of r and 40?
40
Suppose -5 = 5*y, -y + 3*y = z - 34. What is the highest common factor of z and 24?
8
Suppose 92*l - 88*l = 2*u + 1298, -3*l = -4*u - 966. Calculate the highest common factor of l and 2.
2
Let q(o) = 2*o**3 - 63*o**2 + 34*o + 12. Let a be q(31). Calculate the greatest common divisor of 168 and a.
21
Let p = 38 - -215. Calculate the greatest common factor of 115 and p.
23
Suppose 971 = 10*x - 1269. What is the greatest common divisor of 63 and x?
7
Let v be -2 + (6/3 - 0). Suppose 4*g - 1 - 219 = v. Let b(q) = -3*q**2 - 17*q - 2. Let p be b(-3). Calculate the greatest common factor of g and p.
11
Suppose 0 = -3*o + g + 103, -8*o + 4*o + 2*g = -136. Calculate the greatest common factor of 65 and o.
5
Suppose -3 - 2 = -5*q, -5*q = -z + 346. What is the highest common divisor of z and 27?
27
Let w be (-70)/(-22) + 6/(-33). Let l = -59 + 82. Suppose -o - w*r - 1 = -18, -3*r = -4*o + l. Calculate the greatest common divisor of 56 and o.
8
Suppose 0 = u + 2*u - 666. Suppose -434 - u = -4*j. Let b = 362 - j. Calculate the highest common divisor of 22 and b.
22
Suppose x - 62 = -2*q, 2*q + 230 = 4*x + 4*q. Calculate the greatest common divisor of x and 7.
7
Let g(a) = -a**2 - 41*a - 135. Let j be g(-36). Calculate the highest common divisor of 60 and j.
15
Let r = 2 - 3. Let t = -53 - -51. Let j be ((-1311)/(-38))/(r/t). Calculate the highest common divisor of 23 and j.
23
Let l be 6185/(-7) + -2 - 3/7. Let h be 26/(-117) - l/18. Calculate the greatest common factor of 7 and h.
7
Suppose -5*f - t + 7 + 21 = 0, t - 16 = -3*f. Suppose -4*x = -f*x + 24. What is the greatest common divisor of 3 and x?
3
Let o = 70 + -50. Suppose -q - 1 = 0, -2*j - 3*q = -63 + o. Suppose 5*r - j = 32. What is the highest common divisor of 22 and r?
11
Suppose u = -1 + 2. Let b be 18 - (2 - (-1 - u)). Calculate the greatest common divisor of b and 56.
14
Suppose -3 = 2*r + 1. Let s be ((-9)/r)/(3/4). Suppose 0 = 2*x - 44 - 52. What is the highest common divisor of s and x?
6
Suppose 3*c = -2*d + 24, 4*d - 40 = -4*c - 0. Let l(b) = d - 9*b - 8*b + 3*b. Let f be l(-7). Calculate the highest common divisor of 13 and f.
13
Suppose 528*a - 527*a - 56 = 0. What is the greatest common factor of 42 and a?
14
Let c = -236 + 332. What is the highest common factor of c and 120?
24
Let d(v) = 10*v**3 - 17*v**2 + 2*v - 10. Let i be d(3). Calculate the highest common divisor of 2825 and i.
113
Let s(p) = 2*p**3 + 7*p**2 - 22. Let a be s(3). Calculate the greatest common factor of 133 and a.
19
Suppose -4*y = -y - 675. Let n(a) = 5*a + 16. Let m be n(-8). Let d = m - -49. What is the highest common divisor of d and y?
25
Let t be 0 - (9/(-3) + 0). Suppose -t*w = -8*w + 50. Suppose -25*y + 16 = -109. What is the highest common factor of y and w?
5
Let d be 198 + (1 + 5 - 6). Let r = d + -88. Let w(g) = 4*g**2 - 6*g + 4. Let j be w(4). What is the greatest common factor of r and j?
22
Suppose 0 = -4*h - h + t + 23, 4*t = -5*h + 8. Suppose -5 = -5*r - 5*f, -3*r = -h*r - 2*f - 3. What is the highest common factor of r and 45?
5
Suppose 2*u - 20 + 6 = 0. Suppose 12 = h - u*h. Let x be (-3 - -17)/2 + h. What is the highest common divisor of x and 55?
5
Let d be -3*6/9 + 46. Calculate the greatest common factor of d and 99.
11
Let z = -163 - -201. What is the highest common divisor of z and 57?
19
Let z = 2040 + -1656. Calculate the highest common factor of 72 and z.
24
Let b(k) = -2*k + 16. Let s be b(6). Suppose -5*n + 36 = s*v, -44 = -4*v - 0*n - 3*n. Suppose 0 = -g + v - 6. Calculate the highest common divisor of g and 32.
8
Let n(p) = -p**2 - 3*p + 5. Let x be n(-4). Let o be 17 - -2*x/(-2). Let d(w) = 304*w - 2120. Let v be d(7). What is the highest common factor of v and o?
8
Let r be (10/4)/((-2)/(-4)). Suppose 0 = -2*b - r + 3. Let m be b/2 + 74/4. What is the greatest common factor of m and 72?
18
Suppose 0 = -i + 3*y + 3, -4*i + 4 = -2*i - 5*y. Let z be i/9 - -1*(-75)/(-9). Calculate the highest common divisor of 32 and z.
8
Let b be ((-6)/(-5))/((-4)/10). Let t be (-1 - 8)*(-4 + b + 4). Calculate the highest common divisor of 3 and t.
3
Suppose 805 = -62*k + 9981. What is the highest common factor of 1258 and k?
74
Let l(p) = 11*p**2 - 1. Let h be l(-1). Let o = h - 12. Let w be -3 + 22 + 1 + o. What is the highest common divisor of 45 and w?
9
Let q = -210 + 396. Calculate the highest common factor of 992 and q.
62
Let n = 47 + -34. Suppose 0 = 4*x + 3*o - n, 0 = -5*x + 3*o + 64 - 14. Calculate the highest common divisor of x and 56.
7
Let t = -15 + 18. Let r(s) = 6 + 9*s + 10 + 2*s**2 + 4*s - t*s**2. Let p be r(12). What is the highest common factor of 28 and p?
28
Let l be 4306/6 + (-462)/(-198). Calculate the greatest common factor of 15 and l.
15
Let g = -13 - -10. Suppose -3*u - 71 = -4*x, x - 5*u - 8 = -3. Let p be g + 1 + x + 0. What is the greatest common factor of p and 6?
6
Let j = -66 - -30. Let k = 51 + j. Suppose 3*m - 4*u - 131 = 0, -m - 3*u = m - 93. What is the greatest common divisor of m and k?
15
Suppose 1332 = 5*q + 4*g, 5*q - 28*g + 25*g - 1311 = 0. Calculate the greatest common factor of 220 and q.
44
Let m = -800 + 819. What is the highest common divisor of m and 1957?
19
Let m(b) = 3*b**2 + 2*b + 7. Let h be m(-7). Suppose -4*g + 2*u + 221 = 3*u, 0 = -3*u - 9. Calculate the highest common divisor of g and h.
28
Let z be (-10)/(-1)*(-1)/(-2). Let u be 12*(-6)/((-15)/z). Calculate the highest common factor of 6 and u.
6
Suppose -76 = -2*c + 2*y, -7*c - 46 = -8*c - y. What is the highest common factor of 49 and c?
7
Let t = -4 + 4. Suppose t*o + 3*p = -o + 4, -5*o = 2*p - 20. Suppose 2*q - 64 = -4*j, -3*j = -q - 2*q + 96. What is the highest common divisor of o and q?
4
Let l(n) = 12*n**2 + n - 2. Let g = -6 - -8. Let h be l(g). Let k = 254 - 242. What is the highest common divisor of h and k?
12
Let m be (-2 + 0 + 2)/(-1). Suppose 0 = 13*b - 67 - 11. Suppose m = w - b. Calculate the highest common factor of 4 and w.
2
Suppose 727 + 2048 = 37*y. What is the greatest common divisor of 25 and y?
25
Let o = 15 + -12. Suppose 3*k + o = 3*n - 3, -4*n + 8 = 4*k. Let g be 1518/21 + n/(-7). What is the greatest common divisor of g and 9?
9
Let g be (22/(-2)*1)/2*-2. Let q = -4 + g. Let u be 1/((-2)/(-14))*3. Calculate the greatest common divisor of u and q.
7
Suppose -3*r + 81 = 5*g - 25, r = 2*g + 50. Suppose 44*v - 36 = 40*v. Suppose 3*b + 84 = v*b. Calculate the greatest common divisor of r and b.
14
Let g = -102 - -159. Suppose -h + 3*h = -0*h. Let y be (h - 2/9) + 2064/54. What is the greatest common divisor of y and g?
19
Let w be 114/9 + (-4)/12*-4. Suppose -m - 30 + 34 = 0. What is the greatest common factor of m and w?
2
Let d = -354 + 368. Calculate the highest common factor of 42 and d.
14
Let y be 156/10*(1 + (-485)/(-15)). Let p be (-6 + 1 + 2)*y/(-15). Calculate the greatest common divisor of 26 and p.
26
Suppose -a + 5*a = -144. Let n be 8/6*a/(-24). Calculate the highest common divisor of 2 and n.
2
Suppose 61*n - 66*n = -545. Let x = n - 98. What is the greatest common factor of x and 11?
11
Suppose -6*o = 7*o - 494. What is the greatest common divisor of o and 760?
38
Let l(t) = -12*t - 197. Let b be l(-17). Calculate the highest commo